{"id":553,"date":"2021-11-02T08:55:26","date_gmt":"2021-11-02T08:55:26","guid":{"rendered":"https:\/\/demo.athemes.com\/sydney-main\/?page_id=553"},"modified":"2025-12-17T18:22:27","modified_gmt":"2025-12-17T17:22:27","slug":"contact","status":"publish","type":"page","link":"https:\/\/kovacskatinka.hu\/","title":{"rendered":"Keretek"},"content":{"rendered":"<div class=\"wp-block-image\">\n<figure class=\"alignleft is-resized\"><img loading=\"lazy\" decoding=\"async\" width=\"241\" height=\"300\" src=\"https:\/\/kovacskatinka.hu\/wp-content\/uploads\/2023\/03\/DSC_7441A-2-241x300.jpg\" alt=\"\" class=\"wp-image-1001\" style=\"width:331px;height:412px\" srcset=\"https:\/\/kovacskatinka.hu\/wp-content\/uploads\/2023\/03\/DSC_7441A-2-241x300.jpg 241w, https:\/\/kovacskatinka.hu\/wp-content\/uploads\/2023\/03\/DSC_7441A-2-822x1024.jpg 822w, https:\/\/kovacskatinka.hu\/wp-content\/uploads\/2023\/03\/DSC_7441A-2-768x956.jpg 768w, https:\/\/kovacskatinka.hu\/wp-content\/uploads\/2023\/03\/DSC_7441A-2-1234x1536.jpg 1234w, https:\/\/kovacskatinka.hu\/wp-content\/uploads\/2023\/03\/DSC_7441A-2-1645x2048.jpg 1645w, https:\/\/kovacskatinka.hu\/wp-content\/uploads\/2023\/03\/DSC_7441A-2-1000x1245.jpg 1000w, https:\/\/kovacskatinka.hu\/wp-content\/uploads\/2023\/03\/DSC_7441A-2-230x286.jpg 230w, https:\/\/kovacskatinka.hu\/wp-content\/uploads\/2023\/03\/DSC_7441A-2-350x436.jpg 350w, https:\/\/kovacskatinka.hu\/wp-content\/uploads\/2023\/03\/DSC_7441A-2-480x598.jpg 480w\" sizes=\"auto, (max-width: 241px) 100vw, 241px\" \/><figcaption class=\"wp-element-caption\">Kov\u00e1cs Katinka pszichol\u00f3gus<\/figcaption><\/figure>\n<\/div>\n\n\n<p>Szem\u00e9lyesen a Pest megyei In\u00e1rcson, valamint online form\u00e1ban Zoom, Skype vagy Meet fel\u00fcleteken dolgozom, f\u0151k\u00e9nt szexu\u00e1lpszichol\u00f3giai \u00e9s iskolapszichol\u00f3giai t\u00e9m\u00e1kban. 18 \u00e9ven aluliak ell\u00e1t\u00e1sa megkezd\u00e9s\u00e9nek felt\u00e9tele a sz\u00fcl\u0151i els\u0151 interj\u00fa \u00e9s beleegyez\u0151 nyilatkozat kit\u00f6lt\u00e9se.<\/p>\n\n\n\n<p class=\"has-text-align-center\"><strong>K\u00e9rem, id\u0151pontfoglal\u00e1s\u00e9rt els\u0151sorban e-mailben&nbsp; keressenek, az info@kovacskatinka.hu c\u00edmen.\u200b<\/strong><\/p>\n\n\n\n<p><\/p>\n\n\n\n<p><\/p>\n\n\n\n<p><\/p>\n\n\n\n<p><\/p>\n\n\n\n<p><strong>Kov\u00e1cs Katinka e.v.<\/strong><\/p>\n\n\n\n<p>Ad\u00f3sz\u00e1m: 66478546-1-33<\/p>\n\n\n\n<p>Nyilv\u00e1ntart\u00e1si sz\u00e1m: 353000535<\/p>\n\n\n\n<p>Diploma sz\u00e1ma: 42\/2010\/BTK (Pszichol\u00f3gia BA), ELTE-PPK-1277\/2013 (Tan\u00e1csad\u00f3-\u00e9s iskolapszichol\u00f3gus pszichol\u00f3gia MA), ELTE-PPK-1805\/2019 (Szexu\u00e1lpszichol\u00f3giai szakpszichol\u00f3gus)<\/p>\n\n\n\n<p>A pszichol\u00f3giai konzult\u00e1ci\u00f3 d\u00edja 2025.12.01-t\u0151l 20.000 ft\/60 perc, majd a tov\u00e1bbiakban 30 perces egys\u00e9gekben.<\/p>\n\n\n\n<p>A pszichol\u00f3giai ell\u00e1t\u00e1s kezdetekor sz\u00f3beli vagy \u00edr\u00e1sbeli szerz\u0151d\u00e9sben r\u00f6gz\u00edtem a d\u00edjaz\u00e1si, id\u0151pontfoglal\u00e1si-\u00e9s lemond\u00e1si felt\u00e9teleket, a k\u00f6z\u00f6s munka f\u00f3kuszpontj\u00e1t. A szolg\u00e1ltat\u00e1s teljes\u00edt\u00e9s\u00e9t k\u00f6vet\u0151en minden esetben e-sz\u00e1ml\u00e1t \u00e1ll\u00edtok ki, a szolg\u00e1ltat\u00e1s ellen\u00e9rt\u00e9k\u00e9t k\u00e9szp\u00e9nzben vagy banki \u00e1tutal\u00e1ssal rendezheti. <\/p>\n\n\n\n<p>A pszichol\u00f3giai konzult\u00e1ci\u00f3 sor\u00e1n seg\u00edt\u0151 besz\u00e9lget\u00e9s zajlik, amely sor\u00e1n azonos\u00edtjuk a jelenlegi neh\u00e9zs\u00e9geket, a m\u00faltbeli megk\u00fczd\u00e9si tapasztalatokat, azonos\u00edtjuk az akad\u00e1lyoz\u00f3 \u00e9s seg\u00edt\u0151 t\u00e9nyez\u0151ket, a j\u00f6v\u0151beli c\u00e9lokat, \u00e9s k\u00f6z\u00f6sen dolgozunk azok el\u00e9r\u00e9s\u00e9n. Az \u00fcl\u00e9sek k\u00f6z\u00f6tt h\u00e1zi feladatok seg\u00edtik a r\u00e9sztvev\u0151t abban, hogy eszk\u00f6zt\u00e1ra n\u00f6veked\u00e9s\u00e9t \u00e9s fejl\u0151d\u00e9s\u00e9t el\u0151seg\u00edtse. Lehet\u0151s\u00e9g ny\u00edlik egy\u00e9ni, p\u00e1ros vagy t\u00f6bbtag\u00fa r\u00e9szv\u00e9telre is. A pszichol\u00f3giai folyamat sor\u00e1n amennyiben indokolt alkalmank\u00e9nt k\u00fcl\u00f6n-k\u00fcl\u00f6n is tal\u00e1lkozom a tagokkal.<\/p>\n\n\n\n<p>Ez\u00faton is k\u00f6sz\u00f6n\u00f6m a t\u00fcrelm\u00e9t a visszah\u00edv\u00e1sok kapcs\u00e1n, mivel telefonos vagy SMS megkeres\u00e9seikre \u00e1ltal\u00e1ban n\u00e9h\u00e1ny napos \u00e1tfut\u00e1ssal tudok reag\u00e1lni.<\/p>\n\n\n\n<p><\/p>\n\n\n\n<figure class=\"wp-block-image\"><a href=\"https:\/\/pszichologuskereso.hu\/in\u00e1rcs\/pszichol\u00f3gus\/katinka-kov\u00e1cs?from=badge\" target=\"_blank\" rel=\"noreferrer noopener\"><img decoding=\"async\" src=\"https:\/\/pszichologuskereso.hu\/images\/250x250.png\" alt=\"\"\/><\/a><\/figure>\n\n\n\n<p class=\"has-text-align-center\"><\/p>\n","protected":false},"excerpt":{"rendered":"<p>Szem\u00e9lyesen a Pest megyei In\u00e1rcson, valamint online form\u00e1ban Zoom, Skype vagy Meet [&hellip;]<\/p>\n","protected":false},"author":1,"featured_media":0,"parent":0,"menu_order":0,"comment_status":"closed","ping_status":"closed","template":"page-templates\/page_front-page.php","meta":{"footnotes":""},"class_list":["post-553","page","type-page","status-publish","hentry"],"_links":{"self":[{"href":"https:\/\/kovacskatinka.hu\/index.php?rest_route=\/wp\/v2\/pages\/553","targetHints":{"allow":["GET"]}}],"collection":[{"href":"https:\/\/kovacskatinka.hu\/index.php?rest_route=\/wp\/v2\/pages"}],"about":[{"href":"https:\/\/kovacskatinka.hu\/index.php?rest_route=\/wp\/v2\/types\/page"}],"author":[{"embeddable":true,"href":"https:\/\/kovacskatinka.hu\/index.php?rest_route=\/wp\/v2\/users\/1"}],"replies":[{"embeddable":true,"href":"https:\/\/kovacskatinka.hu\/index.php?rest_route=%2Fwp%2Fv2%2Fcomments&post=553"}],"version-history":[{"count":23,"href":"https:\/\/kovacskatinka.hu\/index.php?rest_route=\/wp\/v2\/pages\/553\/revisions"}],"predecessor-version":[{"id":1066,"href":"https:\/\/kovacskatinka.hu\/index.php?rest_route=\/wp\/v2\/pages\/553\/revisions\/1066"}],"wp:attachment":[{"href":"https:\/\/kovacskatinka.hu\/index.php?rest_route=%2Fwp%2Fv2%2Fmedia&parent=553"}],"curies":[{"name":"wp","href":"https:\/\/api.w.org\/{rel}","templated":true}]}}